{"id":778,"date":"2017-04-21T12:19:37","date_gmt":"2017-04-21T12:19:37","guid":{"rendered":"http:\/\/powerblog-mu.localhost\/demo-fashion\/?page_id=778"},"modified":"2021-03-24T15:49:31","modified_gmt":"2021-03-24T18:49:31","slug":"about-me","status":"publish","type":"page","link":"https:\/\/anadotto.com.br\/blog\/?page_id=778","title":{"rendered":"a Ana"},"content":{"rendered":"<p>A estilista Ana Dotto se apaixonou por moda aos 15 anos, ao vestir um modelo em cetim lil\u00e1s para o seu baile de debutante. Alguns anos depois, cursou Moda e Estilo, na Universidade de Caxias do Sul, onde se destacou com pr\u00eamios por suas cria\u00e7\u00f5es desde o in\u00edcio da carreira. O reconhecimento tamb\u00e9m veio com o sucesso do atelier pr\u00f3prio, onde Ana coloca em pr\u00e1tica sua paix\u00e3o por criar vestidos que superem as expectativas das clientes, na sua maioria, noivas que sonharam com o modelo ideal a vida toda.<\/p>\n\n\n\n\n\n<p><\/p>\n","protected":false},"excerpt":{"rendered":"<p>A estilista Ana Dotto se apaixonou por moda aos 15 anos, ao vestir um modelo em cetim lil\u00e1s para o seu baile de debutante. Alguns anos depois, cursou Moda e Estilo, na Universidade de Caxias do Sul, onde se destacou com pr\u00eamios por suas cria\u00e7\u00f5es desde o in\u00edcio da carreira. O reconhecimento tamb\u00e9m veio com [&hellip;]<\/p>\n","protected":false},"author":1,"featured_media":0,"parent":0,"menu_order":0,"comment_status":"closed","ping_status":"closed","template":"","meta":[],"_links":{"self":[{"href":"https:\/\/anadotto.com.br\/blog\/index.php?rest_route=\/wp\/v2\/pages\/778"}],"collection":[{"href":"https:\/\/anadotto.com.br\/blog\/index.php?rest_route=\/wp\/v2\/pages"}],"about":[{"href":"https:\/\/anadotto.com.br\/blog\/index.php?rest_route=\/wp\/v2\/types\/page"}],"author":[{"embeddable":true,"href":"https:\/\/anadotto.com.br\/blog\/index.php?rest_route=\/wp\/v2\/users\/1"}],"replies":[{"embeddable":true,"href":"https:\/\/anadotto.com.br\/blog\/index.php?rest_route=%2Fwp%2Fv2%2Fcomments&post=778"}],"version-history":[{"count":4,"href":"https:\/\/anadotto.com.br\/blog\/index.php?rest_route=\/wp\/v2\/pages\/778\/revisions"}],"predecessor-version":[{"id":3263,"href":"https:\/\/anadotto.com.br\/blog\/index.php?rest_route=\/wp\/v2\/pages\/778\/revisions\/3263"}],"wp:attachment":[{"href":"https:\/\/anadotto.com.br\/blog\/index.php?rest_route=%2Fwp%2Fv2%2Fmedia&parent=778"}],"curies":[{"name":"wp","href":"https:\/\/api.w.org\/{rel}","templated":true}]}}